 What is p(-1)?
-3
Let k(r) = 4*r. Suppose 4*f = -d + 2*d + 88, -5*f + 2*d + 113 = 0. Suppose -4*q + f = -5*n, -n - 2*n - 13 = -2*q. What is k(q)?
-4
Suppose -3 - 3 = -3*q. Let r(w) = q + w**2 + 7*w**3 + 3*w - 8*w**3 + w**2. Determine r(3).
2
Let f = -64 - -82. Let r(q) = -3*q - f + 2*q - 2*q**2 + q**2. Determine r(0).
-18
Let t(v) = v**2 + 14*v + 2. Let z be t(-14). Let m(c) = -7*c + 17*c - 1 + 1. Determine m(z).
20
Let w = -110 + 44. Let t = w - -59. Let o(u) = -4*u**3 + 3*u**2 + 14*u + 5. Let n(a) = 3*a**3 - 4*a**2 - 13*a - 6. Let v(m) = -5*n(m) - 4*o(m). Calculate v(t).
-4
Let b(w) = w**3 + 5*w**2 + 2. Suppose 8 = 2*u, -5*i + 23 = 4*u - 13. Suppose 5*o + i*r = 42, -26 = -2*o - r + 4*r. Suppose 3*h + 5 + o = 0. What is b(h)?
2
Let n(a) = -a**3 + 6*a**2 - 4*a - 6. Suppose 0 = 3*c - 14 - 13. Suppose c*g - 15 = 6*g. Determine n(g).
-1
Let o(u) = -25*u**2 - 1. Let s be o(-1). Let x be 2/(-4) + s/(-4). Let p(z) = 9 + 6*z - 2 - z**2 + 2 - 3. What is p(x)?
6
Let n(c) = -c - 2. Let d = 135 + -138. Give n(d).
1
Let y(i) = 5*i - 11. Let m(b) = -9*b + 18. Let k(s) = -6*m(s) - 10*y(s). Determine k(-2).
-6
Suppose 4*h - 35 = -5*m, 5*m - 10 = h - 0*h. Let v(b) = 5*b**3 - b**3 + 1 - 5*b**m + 4*b + 4*b + 7*b**2. Let y be v(8). Let w(l) = 12*l - 1. Calculate w(y).
11
Let m(t) = 2*t**2 - 9*t - 19. Let r be m(9). Let n = -68 + r. Let h(k) = -k - 7. Calculate h(n).
-1
Let h(m) = m**3 + 4*m**2 + m + 1. Let z be h(-3). Let u = z + -5. Let s(n) = -n + 3*n**2 + 0*n**2 + 1 - 4*n**2 + 2*n**u. What is s(1)?
1
Let o(x) be the first derivative of -x**4/4 + 2*x**3/3 + x**2/2 - 12. Calculate o(-1).
2
Let c be -3 - (5*-3 + 3). Let m be (4/(-3))/((-3)/c). Let a(o) = 3 - m + 3 + o + 0. Calculate a(-2).
0
Let c(r) = -4 - 5 + 10 + 3 + 2*r. Give c(-4).
-4
Let x(q) = q**2 + 6*q - 7. Let u(i) = 7*i**2 - 6*i + 7. Let h be u(3). Let t = h - 57. What is x(t)?
-12
Let s be 15/(-45)*(-44 - 1). Let n(d) = s*d**2 - 3*d**2 - 11*d**2 + 2*d. Let l(y) = y. Let h be l(-3). Calculate n(h).
3
Let d(q) = q + 2*q**2 - 7*q**2 - 2*q**2 + 4*q**2. Let n = -22 + 21. Let p be (6/(-18))/(n/3). Determine d(p).
-2
Let s(i) = 9*i + 8. Let m(z) = -29*z - 23. Let o(h) = -3*m(h) - 8*s(h). Determine o(-2).
-25
Let d(u) be the third derivative of -u**7/5040 - u**6/72 + 3*u**5/10 - 5*u**2. Let v(r) be the third derivative of d(r). What is v(-9)?
-1
Let w(o) be the first derivative of 3*o**2 + 2/3*o**3 - 3*o - 5 + 1/3*o**4 - 1/20*o**5. Let b(u) be the first derivative of w(u). Calculate b(5).
1
Let b be (-100)/120 - 1/6. Let h(v) = 9*v**2 + v + 2. What is h(b)?
10
Let d(q) be the first derivative of -q**2/2 + 9*q - 46. Calculate d(4).
5
Let j(a) = -a**3 + 33*a**2 - 145*a + 137. Let w be j(28). Let i(r) be the third derivative of -r**4/24 - 2*r**3/3 + r**2. Calculate i(w).
-1
Let y(w) = w**3 + w**2 + w + 31. Let z = 278 - 278. What is y(z)?
31
Let c(w) = w**3 + w**2 + w. Let k(o) = -5*o**3 - 11*o**2 + 7. Let x(a) = 4*c(a) + k(a). Give x(-7).
-21
Let v = 100 - 96. Let o(r) = -r**3 + 6*r**2 - 3. Give o(v).
29
Let t = -239 + 243. Let y(x) = -x + 3. Calculate y(t).
-1
Let i(y) = -7*y - 2. Let z be (2/5)/(20/(-75))*8. Let f be (13 + z)/((-2)/4). Give i(f).
12
Let m(b) = -2*b - 4*b + b**2 - 3 + 4*b. Suppose -4*a + 6*a = 54. Suppose 0 = -3*f + 5*t + a, 2*f - 17 = -3*t + 6*t. Calculate m(f).
5
Let c(x) = 4*x**2 - 9*x - 10. Let k(f) = -5*f**2 + 10*f + 11. Let r(g) = -6*c(g) - 5*k(g). Let b be (-16)/10*(-575)/(-10) + 2. Let i = b + 86. Give r(i).
5
Let b(p) = -37*p**2 + 67*p + 83. Let u(j) = -13*j**2 + 24*j + 28. Let c(o) = 6*b(o) - 17*u(o). Calculate c(-9).
-5
Let m(y) be the second derivative of -3*y - 2/3*y**3 + 0 - 4*y**2. Give m(-7).
20
Let y(c) = 12*c + 5. Let a(s) = -5*s - 2. Let j(p) = -8*a(p) - 3*y(p). Give j(2).
9
Let g be (-2)/5 + (-48)/(-20). Let c be g - (4/(-4) - -1). Suppose 2*q + c = -0. Let m(j) = -7*j + 1. Calculate m(q).
8
Let s(l) = l**2 + 3*l - 1. Let x(m) = -m**2 - 8*m. Let y be x(-5). Suppose -3*b = -2*j + 6*j - 9, 5*b = y. Suppose j = -0*i - i - 6. Give s(i).
17
Let y(z) be the third derivative of z**6/120 + 2*z**5/15 + z**4/6 - 2*z**2. Let h be y(-7). Let m(l) = -19 - 2*l + h - l. Determine m(2).
-4
Let k = -468 - -471. Let y(b) be the third derivative of 4*b**2 + 0 - 1/24*b**4 + 1/3*b**k + 0*b. Determine y(5).
-3
Let y be (-4)/22 - 6831/363. Let p(q) = -3*q - 53. What is p(y)?
4
Let q = -342 - -332. Let i(d) = -d**3 - 10*d**2 + 4*d + 8. Determine i(q).
-32
Let l(w) = 6*w - 3. Let n = 34 + -43. Let h(y) = -25*y + 12. Let m(q) = n*l(q) - 2*h(q). Determine m(-3).
15
Let z(h) = 18*h + 102. Let m be -1*(24/(-16) - -1)*-12. Determine z(m).
-6
Let r(h) = 2*h**2 - 35*h - 9. Let o be r(18). Let v(q) be the second derivative of 1/2*q**2 + 0*q**3 - 1/12*q**4 - 3/5*q**5 + 0 - o*q. Calculate v(-1).
12
Let g(h) be the third derivative of 0*h + 0*h**3 - 5/24*h**4 + 0 + 1/60*h**5 - 15*h**2. Calculate g(6).
6
Let b be 3 + 15/((-25)/5). Let q be (b - 8)*(-1)/2. Let d(k) = -k**2 + 9*k - 6. Calculate d(q).
14
Let s(z) be the second derivative of -1/2*z**3 + 0 - 26*z + 0*z**2. What is s(-1)?
3
Suppose 0 = 83*y - 84*y - 4. Let b(d) = -d**2 - 3*d - 4. What is b(y)?
-8
Suppose -2*h = -11 + 3. Suppose -5*u + 13 + 17 = -5*z, 4*u - 16 = -h*z. Let a(b) = -4*b**3 + b**2 + b. Determine a(z).
4
Let v(t) = t + 13. Let w be v(-9). Suppose -i + w = -3. Let u(s) = 7 + 7*s - 10106*s**2 - 4 + 10105*s**2. Determine u(i).
3
Let x(p) = -4*p**2 + p + 3. Let g(i) = i**3 + 5*i**2 - i - 4. Let q(r) = -4*g(r) - 5*x(r). Let n(y) = -4*y - 4. Let z be n(-7). Let m = -23 + z. Give q(m).
-4
Suppose -3*x - 4 = -1. Let i(m) = m**2 - 8*m - 11. Let g(o) = o + 1. Let s(l) = x*i(l) - 4*g(l). Suppose -1 = t, -3*t - 14 = -2*c - t. Determine s(c).
-5
Let p(r) = -5*r**3 - 3*r**2 + 5*r + 2. Let t be (76/12 + -5)/(2/(-6)). Let h(j) = 6*j**3 + 3*j**2 - 6*j - 3. Let v(k) = t*h(k) - 5*p(k). Determine v(-3).
5
Let a be -2*((-9)/(-3) + -6). Let w be (-8)/3*(-9)/a. Let v(j) = j**2 - w - 2*j + 6 + 1. Give v(2).
3
Let u(t) = -t**3 + 2*t**2 - 3*t - 1. Let m be u(-2). Let p be (-14)/m + 10/(-3). Let s(j) be the second derivative of -j**3/6 - 9*j**2/2 - j. Calculate s(p).
-5
Let q(k) be the first derivative of -k**4/4 + k**3 - k**2 + 2*k + 131. Give q(3).
-4
Let x(k) be the second derivative of k**3/2 + 3*k**2/2 + k + 11. Give x(-2).
-3
Let q(l) be the first derivative of l**5/60 - l**4/6 - l**3/2 + 7*l**2/2 - 9. Let i(j) be the second derivative of q(j). Calculate i(6).
9
Let d(r) be the third derivative of r**5/60 + r**4/12 + 7*r**3/6 - 7*r**2 + 7. Calculate d(-5).
22
Let o(p) = 2*p + 10. Let q be o(-5). Suppose q*m = 7*m. Suppose 4*h + 1 + 7 = m. Let b(x) = x**3 + x**2 + x + 2. Give b(h).
-4
Let p(z) = -116*z**2 + 54*z**2 + 61*z**2 + 10 - 6 - 6*z. Give p(-7).
-3
Let a = 39 + -33. Suppose -5*i - 4*q + 50 = 0, a*i - 27 = 4*i - 3*q. Let l(w) = w**2 - 7*w + 7. Give l(i).
1
Let l(h) = 9*h**2 + 15*h**2 + 9 + 7*h**2 + 10*h**2 - 6*h - 42*h**2. Let q be (-2)/(-7) + 174/(-21). What is l(q)?
-7
Let f(j) be the second derivative of -7*j**4/12 - 21*j**3/2 - 2*j**2 - j - 18. What is f(-9)?
-4
Suppose 0 = 23*a + 57 - 11. Let c(y) = -6*y - 7. Give c(a).
5
Let y be 0/(-3*1/3). Suppose y = -4*o + 14 + 6. Let x = -12 + o. Let w(b) = b**3 + 8*b**2 + 8*b. What is w(x)?
-7
Let x(c) = -6*c**2 + 0 - 10 - 2*c + 1 + 0*c + 10. Give x(-2).
-19
Let k(p) = 8*p - 29. Let a(q) = 3*q - 13. Let d(x) = 5*a(x) - 2*k(x). Suppose 4*y - y = -30. Determine d(y).
3
Let u(g) be the second derivative of -g**5/20 - g**4/2 - g**3/6 - 4*g**2 + 70*g. Give u(-6).
-2
Let q(y) be the second derivative of -y**3/3 - 4*y**2 + 296*y. Give q(3).
-14
Let a(w) be the first derivative of w**6/120 - 7*w**5/60 - w**4/24 + w**3/3 + 17*w**2 + 16. Let q(k) be the second derivative of a(k). Give q(7).
-5
Let u = -48 - -52. Let d(p) = 2*p - u*p - 3*p. Suppose 0*l + l - 4*t + 17 = 0, 5*l = t - 9. Determine d(l).
5
Let u(n) be the first derivative of 2*n**2 + 45 + 2/3*n**3 - 5*n. Calculate u(-5).
25
Let f(n) = 20*n**3. Let v be ((-1)/(-2))/((-18)/(-12) - 1). Give f(v).
20
Let c(h) = -h**2 + 7*h - 6. Let m be 1*(4 - 7)*-1. Suppose -5*y = 5*j - 10, 3*y + 5*j = m*j + 9. What is c(y)?
4
Let h be (6/15)/(2/10). Let t(q) = q - 4*q**2 + 2 + 5*q**h - 2*q**2. Suppose 8545*a = 8546*a - 4. Determine t(a).
-10
Let o(y) = y**3 + 3*y**2 - 